{"id":178,"date":"2018-05-09T09:50:29","date_gmt":"2018-05-09T08:50:29","guid":{"rendered":"http:\/\/www.kisfaludy-kornye.sulinet.hu\/?page_id=178"},"modified":"2019-04-03T13:08:56","modified_gmt":"2019-04-03T12:08:56","slug":"zold-dok","status":"publish","type":"page","link":"http:\/\/www.kisfaludy-kornye.edu.hu\/index.php\/zold-dok\/","title":{"rendered":"Z\u00f6ld D\u00d6K"},"content":{"rendered":"<p><a href=\"http:\/\/www.kisfaludy-kornye.sulinet.hu\/files\/Zold_DOK_munkaterv_2012-2013.pdf\">Z\u00f6ld D\u00d6K munkaterv 2012-2013<\/a><\/p>\n<p><a href=\"http:\/\/www.kisfaludy-kornye.sulinet.hu\/files\/Zold_DOK_munkaterv_2014-2015.pdf\">Z\u00f6ld D\u00d6K munkaterv 2014-2015<\/a><\/p>\n<p><a href=\"http:\/\/www.kisfaludy-kornye.sulinet.hu\/files\/Zold_DOK_munkaterv_2015-2016.pdf\">Z\u00f6ld D\u00d6K munkaterv 2015-2016<\/a><\/p>\n<p><a href=\"http:\/\/www.kisfaludy-kornye.sulinet.hu\/wp-content\/uploads\/2019\/04\/Z\u00f6ld-D\u00d6K-munkaterv_16-17.pdf\">Z\u00f6ld D\u00d6K munkaterv_2016-2017<\/a><\/p>\n<p><a href=\"http:\/\/www.kisfaludy-kornye.sulinet.hu\/files\/Zold_DOK_munkaterv_2017-2018.pdf\">Z\u00f6ld D\u00d6K munkaterv 2017-2018<\/a><\/p>\n<p><a href=\"http:\/\/www.kisfaludy-kornye.sulinet.hu\/wp-content\/uploads\/2018\/09\/Z\u00f6ld-D\u00d6K-munkaterv-2018-2019.pdf\">Z\u00f6ld D\u00d6K munkaterv 2018-2019<\/a><\/p>\n","protected":false},"excerpt":{"rendered":"<p>Z\u00f6ld D\u00d6K munkaterv 2012-2013 Z\u00f6ld D\u00d6K munkaterv 2014-2015 Z\u00f6ld D\u00d6K munkaterv 2015-2016 Z\u00f6ld D\u00d6K munkaterv_2016-2017 Z\u00f6ld D\u00d6K munkaterv 2017-2018 Z\u00f6ld D\u00d6K munkaterv 2018-2019<\/p>\n","protected":false},"author":1,"featured_media":0,"parent":0,"menu_order":0,"comment_status":"closed","ping_status":"closed","template":"","meta":{"footnotes":""},"class_list":["post-178","page","type-page","status-publish","hentry"],"_links":{"self":[{"href":"http:\/\/www.kisfaludy-kornye.edu.hu\/index.php\/wp-json\/wp\/v2\/pages\/178","targetHints":{"allow":["GET"]}}],"collection":[{"href":"http:\/\/www.kisfaludy-kornye.edu.hu\/index.php\/wp-json\/wp\/v2\/pages"}],"about":[{"href":"http:\/\/www.kisfaludy-kornye.edu.hu\/index.php\/wp-json\/wp\/v2\/types\/page"}],"author":[{"embeddable":true,"href":"http:\/\/www.kisfaludy-kornye.edu.hu\/index.php\/wp-json\/wp\/v2\/users\/1"}],"replies":[{"embeddable":true,"href":"http:\/\/www.kisfaludy-kornye.edu.hu\/index.php\/wp-json\/wp\/v2\/comments?post=178"}],"version-history":[{"count":15,"href":"http:\/\/www.kisfaludy-kornye.edu.hu\/index.php\/wp-json\/wp\/v2\/pages\/178\/revisions"}],"predecessor-version":[{"id":541,"href":"http:\/\/www.kisfaludy-kornye.edu.hu\/index.php\/wp-json\/wp\/v2\/pages\/178\/revisions\/541"}],"wp:attachment":[{"href":"http:\/\/www.kisfaludy-kornye.edu.hu\/index.php\/wp-json\/wp\/v2\/media?parent=178"}],"curies":[{"name":"wp","href":"https:\/\/api.w.org\/{rel}","templated":true}]}}