{"id":169,"date":"2018-05-09T00:26:35","date_gmt":"2018-05-08T23:26:35","guid":{"rendered":"http:\/\/www.kisfaludy-kornye.sulinet.hu\/?page_id=169"},"modified":"2019-06-17T11:08:52","modified_gmt":"2019-06-17T10:08:52","slug":"okoiskolahoz-kapcsolodo-dokumentumok","status":"publish","type":"page","link":"http:\/\/www.kisfaludy-kornye.edu.hu\/index.php\/okoiskolahoz-kapcsolodo-dokumentumok\/","title":{"rendered":"\u00d6koiskol\u00e1hoz kapcsol\u00f3d\u00f3 dokumentumok"},"content":{"rendered":"<p><a href=\"http:\/\/www.kisfaludy-kornye.sulinet.hu\/files\/Okoiskola_munkaterv_2011-2012.pdf\">\u00d6koiskola munkaterv 2011\/2012-as tan\u00e9vre<\/a><\/p>\n<p><a href=\"http:\/\/www.kisfaludy-kornye.sulinet.hu\/files\/Okoiskola_munkaterv_2012-2013.pdf\">\u00d6koiskola munkaterv 2012\/2013-as tan\u00e9vre<\/a><\/p>\n<p><a href=\"http:\/\/www.kisfaludy-kornye.sulinet.hu\/files\/Okoiskola_munkaterv_2013-2014.pdf\">\u00d6koiskola munkaterv 2013\/2014-as tan\u00e9vre<\/a><\/p>\n<p><a href=\"http:\/\/www.kisfaludy-kornye.sulinet.hu\/files\/Okoiskola_munkaterv_2014-2015.pdf\">\u00d6koiskola munkaterv 2014\/2015-as tan\u00e9vre<\/a><\/p>\n<p><a href=\"http:\/\/www.kisfaludy-kornye.sulinet.hu\/files\/Okoiskola_munkaterv_2015-2016.pdf\">\u00d6koiskola munkaterv 2015\/2016-as tan\u00e9vre<\/a><\/p>\n<p><a href=\"http:\/\/www.kisfaludy-kornye.sulinet.hu\/files\/koiskola_munkaterv_2016-2017.pdf\">\u00d6koiskola munkaterv 2016\/2017-as tan\u00e9vre<\/a><\/p>\n<p><a href=\"http:\/\/www.kisfaludy-kornye.sulinet.hu\/files\/Okoiskola_munkaterv_17-18.pdf\">\u00d6koiskola munkaterv 2017\/2018-as tan\u00e9vre<\/a><\/p>\n<p><a href=\"http:\/\/www.kisfaludy-kornye.sulinet.hu\/wp-content\/uploads\/2018\/09\/\u00d6koiskola-munkaterv-2018-2019-es-tan\u00e9vre.pdf\">\u00d6koiskola munkaterv 2018\/2019-es tan\u00e9vre<\/a><\/p>\n<p><a href=\"http:\/\/www.kisfaludy-kornye.sulinet.hu\/wp-content\/uploads\/2019\/04\/Besz\u00e1mol\u00f3-az-\u00d6koiskola-16-17-tan\u00e9v-munk\u00e1j\u00e1r\u00f3l.pdf\">Besz\u00e1mol\u00f3 az \u00d6koiskola 16-17 tan\u00e9v munk\u00e1j\u00e1r\u00f3l<\/a><\/p>\n<p><a href=\"http:\/\/www.kisfaludy-kornye.sulinet.hu\/wp-content\/uploads\/2019\/04\/Besz\u00e1mol\u00f3-az-\u00d6koiskola-17-18-tan\u00e9v-munk\u00e1j\u00e1r\u00f3l.pdf\">Besz\u00e1mol\u00f3 az \u00d6koiskola 17-18 tan\u00e9v munk\u00e1j\u00e1r\u00f3l<\/a><\/p>\n<p><a href=\"http:\/\/www.kisfaludy-kornye.sulinet.hu\/wp-content\/uploads\/2019\/06\/Besz\u00e1mol\u00f3-az-\u00d6koiskola-18-19_\u00e9vi-munk\u00e1j\u00e1r\u00f3l.pdf\">Besz\u00e1mol\u00f3 az \u00d6koiskola 18-19_\u00e9vi munk\u00e1j\u00e1r\u00f3l<\/a><\/p>\n<p><a href=\"http:\/\/www.kisfaludy-kornye.sulinet.hu\/wp-content\/uploads\/2019\/01\/Egy\u00fcttm\u0171k\u00f6d\u00e9si-meg\u00e1llapod\u00e1s-Vackor-\u00d3voda-\u00e9s-B\u00f6lcs\u0151de_K\u00f6rnye.pdf\">Egy\u00fcttm\u0171k\u00f6d\u00e9si meg\u00e1llapod\u00e1s Vackor \u00d3voda \u00e9s B\u00f6lcs\u0151de_K\u00f6rnye<\/a><\/p>\n<p><a href=\"http:\/\/www.kisfaludy-kornye.sulinet.hu\/wp-content\/uploads\/2019\/01\/Egy\u00fcttm\u0171k\u00f6d\u00e9si-meg\u00e1llapod\u00e1s_Hamvas_B\u00e9la_Gimn\u00e1zium_Oroszl\u00e1ny.pdf\">Egy\u00fcttm\u0171k\u00f6d\u00e9si meg\u00e1llapod\u00e1s_Hamvas_B\u00e9la_Gimn\u00e1zium_Oroszl\u00e1ny<\/a><\/p>\n<p><a href=\"http:\/\/www.kisfaludy-kornye.sulinet.hu\/wp-content\/uploads\/2019\/05\/\u00d6koiskolai_programot_t\u00e1mogat\u00f3_nyilatkozatok_2018_2019.pdf\">\u00d6koiskolai_programot_t\u00e1mogat\u00f3_nyilatkozatok_2018_2019<\/a><\/p>\n","protected":false},"excerpt":{"rendered":"<p>\u00d6koiskola munkaterv 2011\/2012-as tan\u00e9vre \u00d6koiskola munkaterv 2012\/2013-as tan\u00e9vre \u00d6koiskola munkaterv 2013\/2014-as tan\u00e9vre \u00d6koiskola munkaterv 2014\/2015-as tan\u00e9vre \u00d6koiskola munkaterv 2015\/2016-as tan\u00e9vre \u00d6koiskola munkaterv 2016\/2017-as tan\u00e9vre \u00d6koiskola munkaterv 2017\/2018-as tan\u00e9vre \u00d6koiskola munkaterv 2018\/2019-es tan\u00e9vre Besz\u00e1mol\u00f3 az \u00d6koiskola 16-17 tan\u00e9v munk\u00e1j\u00e1r\u00f3l Besz\u00e1mol\u00f3 az \u00d6koiskola 17-18 tan\u00e9v munk\u00e1j\u00e1r\u00f3l Besz\u00e1mol\u00f3 az \u00d6koiskola 18-19_\u00e9vi munk\u00e1j\u00e1r\u00f3l Egy\u00fcttm\u0171k\u00f6d\u00e9si meg\u00e1llapod\u00e1s Vackor \u00d3voda \u00e9s B\u00f6lcs\u0151de_K\u00f6rnye [&hellip;]<\/p>\n","protected":false},"author":1,"featured_media":0,"parent":0,"menu_order":0,"comment_status":"closed","ping_status":"closed","template":"","meta":{"footnotes":""},"class_list":["post-169","page","type-page","status-publish","hentry"],"_links":{"self":[{"href":"http:\/\/www.kisfaludy-kornye.edu.hu\/index.php\/wp-json\/wp\/v2\/pages\/169","targetHints":{"allow":["GET"]}}],"collection":[{"href":"http:\/\/www.kisfaludy-kornye.edu.hu\/index.php\/wp-json\/wp\/v2\/pages"}],"about":[{"href":"http:\/\/www.kisfaludy-kornye.edu.hu\/index.php\/wp-json\/wp\/v2\/types\/page"}],"author":[{"embeddable":true,"href":"http:\/\/www.kisfaludy-kornye.edu.hu\/index.php\/wp-json\/wp\/v2\/users\/1"}],"replies":[{"embeddable":true,"href":"http:\/\/www.kisfaludy-kornye.edu.hu\/index.php\/wp-json\/wp\/v2\/comments?post=169"}],"version-history":[{"count":13,"href":"http:\/\/www.kisfaludy-kornye.edu.hu\/index.php\/wp-json\/wp\/v2\/pages\/169\/revisions"}],"predecessor-version":[{"id":704,"href":"http:\/\/www.kisfaludy-kornye.edu.hu\/index.php\/wp-json\/wp\/v2\/pages\/169\/revisions\/704"}],"wp:attachment":[{"href":"http:\/\/www.kisfaludy-kornye.edu.hu\/index.php\/wp-json\/wp\/v2\/media?parent=169"}],"curies":[{"name":"wp","href":"https:\/\/api.w.org\/{rel}","templated":true}]}}

Ökoiskolához kapcsolódó dokumentumok

<p><a href="http://www.kisfaludy-kornye.sulinet.hu/files/Okoiskola_munkaterv_2011-2012.pdf">Ökoiskola munkaterv 2011/2012-as tanévre</a></p>
<p><a href="http://www.kisfaludy-kornye.sulinet.hu/files/Okoiskola_munkaterv_2012-2013.pdf">Ökoiskola munkaterv 2012/2013-as tanévre</a></p>
<p><a href="http://www.kisfaludy-kornye.sulinet.hu/files/Okoiskola_munkaterv_2013-2014.pdf">Ökoiskola munkaterv 2013/2014-as tanévre</a></p>
<p><a href="http://www.kisfaludy-kornye.sulinet.hu/files/Okoiskola_munkaterv_2014-2015.pdf">Ökoiskola munkaterv 2014/2015-as tanévre</a></p>
<p><a href="http://www.kisfaludy-kornye.sulinet.hu/files/Okoiskola_munkaterv_2015-2016.pdf">Ökoiskola munkaterv 2015/2016-as tanévre</a></p>
<p><a href="http://www.kisfaludy-kornye.sulinet.hu/files/koiskola_munkaterv_2016-2017.pdf">Ökoiskola munkaterv 2016/2017-as tanévre</a></p>
<p><a href="http://www.kisfaludy-kornye.sulinet.hu/files/Okoiskola_munkaterv_17-18.pdf">Ökoiskola munkaterv 2017/2018-as tanévre</a></p>
<p><a href="http://www.kisfaludy-kornye.sulinet.hu/wp-content/uploads/2018/09/Ökoiskola-munkaterv-2018-2019-es-tanévre.pdf">Ökoiskola munkaterv 2018/2019-es tanévre</a></p>
<p><a href="http://www.kisfaludy-kornye.sulinet.hu/wp-content/uploads/2019/04/Beszámoló-az-Ökoiskola-16-17-tanév-munkájáról.pdf">Beszámoló az Ökoiskola 16-17 tanév munkájáról</a></p>
<p><a href="http://www.kisfaludy-kornye.sulinet.hu/wp-content/uploads/2019/04/Beszámoló-az-Ökoiskola-17-18-tanév-munkájáról.pdf">Beszámoló az Ökoiskola 17-18 tanév munkájáról</a></p>
<p><a href="http://www.kisfaludy-kornye.sulinet.hu/wp-content/uploads/2019/06/Beszámoló-az-Ökoiskola-18-19_évi-munkájáról.pdf">Beszámoló az Ökoiskola 18-19_évi munkájáról</a></p>
<p><a href="http://www.kisfaludy-kornye.sulinet.hu/wp-content/uploads/2019/01/Együttműködési-megállapodás-Vackor-Óvoda-és-Bölcsőde_Környe.pdf">Együttműködési megállapodás Vackor Óvoda és Bölcsőde_Környe</a></p>
<p><a href="http://www.kisfaludy-kornye.sulinet.hu/wp-content/uploads/2019/01/Együttműködési-megállapodás_Hamvas_Béla_Gimnázium_Oroszlány.pdf">Együttműködési megállapodás_Hamvas_Béla_Gimnázium_Oroszlány</a></p>
<p><a href="http://www.kisfaludy-kornye.sulinet.hu/wp-content/uploads/2019/05/Ökoiskolai_programot_támogató_nyilatkozatok_2018_2019.pdf">Ökoiskolai_programot_támogató_nyilatkozatok_2018_2019</a></p>

<p>Ökoiskola munkaterv 2011/2012-as tanévre Ökoiskola munkaterv 2012/2013-as tanévre Ökoiskola munkaterv 2013/2014-as tanévre Ökoiskola munkaterv 2014/2015-as tanévre Ökoiskola munkaterv 2015/2016-as tanévre Ökoiskola munkaterv 2016/2017-as tanévre Ökoiskola munkaterv 2017/2018-as tanévre Ökoiskola munkaterv 2018/2019-es tanévre Beszámoló az Ökoiskola 16-17 tanév munkájáról Beszámoló az Ökoiskola 17-18 tanév munkájáról Beszámoló az Ökoiskola 18-19_évi munkájáról Együttműködési megállapodás Vackor Óvoda és Bölcsőde_Környe [&hellip;]</p>
